 to base 3
120
Convert 5 (base 13) to base 9.
5
-12 (base 8) to base 2
-1010
3 (base 12) to base 14
3
Convert -20 (base 5) to base 14.
-a
Convert -3 (base 14) to base 2.
-11
What is -3 (base 9) in base 7?
-3
Convert a9 (base 14) to base 7.
302
What is -8 (base 16) in base 6?
-12
-20221 (base 3) to base 5
-1222
Convert -57 (base 12) to base 7.
-124
Convert -10 (base 3) to base 5.
-3
Convert -8 (base 10) to base 8.
-10
-1333 (base 5) to base 4
-3122
What is 7 (base 12) in base 4?
13
Convert 2212 (base 4) to base 15.
b1
Convert 1110 (base 2) to base 5.
24
What is -10 (base 4) in base 12?
-4
0 (base 4) to base 5
0
Convert 7 (base 14) to base 10.
7
What is 17 (base 9) in base 11?
15
Convert 22100 (base 3) to base 4.
3201
-3 (base 10) to base 5
-3
What is -32 (base 4) in base 16?
-e
-313 (base 4) to base 11
-50
-9 (base 13) to base 9
-10
Convert -a2 (base 11) to base 14.
-80
Convert 161 (base 11) to base 2.
10111100
Convert -227 (base 9) to base 12.
-137
0 (base 7) to base 6
0
1030 (base 6) to base 10
234
53 (base 7) to base 16
26
12 (base 3) to base 7
5
Convert -10 (base 8) to base 3.
-22
What is 0 (base 6) in base 3?
0
Convert -3 (base 16) to base 7.
-3
7 (base 16) to base 6
11
16 (base 9) to base 11
14
2 (base 4) to base 13
2
-1 (base 9) to base 13
-1
What is -7 (base 14) in base 7?
-10
-314 (base 8) to base 12
-150
34 (base 14) to base 5
141
What is 14 (base 8) in base 2?
1100
What is -350 (base 6) in base 11?
-116
-221 (base 6) to base 11
-78
What is 22 (base 3) in base 8?
10
What is -5 (base 13) in base 14?
-5
-b (base 13) to base 2
-1011
-1101 (base 2) to base 6
-21
-210 (base 3) to base 8
-25
-10 (base 6) to base 8
-6
-3 (base 7) to base 8
-3
Convert 5 (base 10) to base 9.
5
Convert -53 (base 8) to base 9.
-47
-2 (base 6) to base 15
-2
What is 2211 (base 5) in base 2?
100110010
Convert 2 (base 14) to base 9.
2
1 (base 16) to base 9
1
Convert 2 (base 8) to base 16.
2
30 (base 13) to base 8
47
-13 (base 4) to base 12
-7
-8 (base 10) to base 7
-11
Convert -114 (base 5) to base 11.
-31
-4 (base 11) to base 9
-4
What is -a (base 15) in base 9?
-11
Convert 110 (base 3) to base 10.
12
5 (base 9) to base 5
10
-3c (base 15) to base 3
-2010
What is 5 (base 13) in base 10?
5
Convert -10 (base 15) to base 11.
-14
Convert 111 (base 3) to base 13.
10
What is 140 (base 9) in base 14?
85
What is -23 (base 9) in base 13?
-18
What is -12 (base 11) in base 6?
-21
62 (base 16) to base 12
82
232 (base 4) to base 14
34
-1 (base 12) to base 9
-1
Convert -77 (base 10) to base 16.
-4d
2 (base 3) to base 5
2
Convert -3 (base 15) to base 5.
-3
What is 120 (base 3) in base 16?
f
Convert -2 (base 16) to base 3.
-2
-5 (base 7) to base 2
-101
Convert -26 (base 12) to base 8.
-36
Convert -200 (base 4) to base 16.
-20
0 (base 3) to base 15
0
-19 (base 15) to base 4
-120
120 (base 4) to base 6
40
What is 656 (base 7) in base 11?
285
-34 (base 9) to base 8
-37
Convert -311 (base 4) to base 13.
-41
Convert 1440 (base 5) to base 13.
15b
What is -2 (base 14) in base 16?
-2
-2 (base 13) to base 4
-2
-5 (base 15) to base 3
-12
100010 (base 3) to base 13
15c
11 (base 2) to base 6
3
13 (base 9) to base 16
c
1c7 (base 14) to base 13
227
What is -1 (base 2) in base 4?
-1
Convert -33 (base 14) to base 2.
-101101
Convert 42 (base 6) to base 4.
122
Convert 1001111 (base 2) to base 3.
2221
4 (base 6) to base 8
4
-4 (base 6) to base 9
-4
What is 46 (base 10) in base 13?
37
-171 (base 8) to base 15
-81
2 (base 10) to base 5
2
Convert 29 (base 14) to base 11.
34
Convert -1a (base 16) to base 3.
-222
Convert -111101 (base 2) to base 5.
-221
What is -254 (base 6) in base 10?
-106
-6 (base 11) to base 6
-10
2e (base 16) to base 12
3a
What is 37 (base 10) in base 11?
34
2 (base 7) to base 15
2
What is 4 (base 10) in base 6?
4
What is 123 (base 4) in base 5?
102
What is 11 (base 5) in base 15?
6
Convert 7 (base 11) to base 8.
7
Convert 104 (base 6) to base 8.
50
29 (base 13) to base 11
32
Convert -5 (base 14) to base 4.
-11
Convert 0 (base 7) to base 14.
0
-11 (base 9) to base 4
-22
Convert 4 (base 12) to base 2.
100
What is -22 (base 3) in base 8?
-10
-23 (base 16) to base 14
-27
-204 (base 12) to base 6
-1204
What is -2 (base 14) in base 2?
-10
Convert 14 (base 5) to base 13.
9
166 (base 7) to base 11
89
Convert 10101111 (base 2) to base 13.
106
What is 0 (base 14) in base 9?
0
Convert -93 (base 10) to base 3.
-10110
10 (base 3) to base 16
3
Convert 0 (base 14) to base 4.
0
What is 23 (base 12) in base 11?
25
Convert 2 (base 10) to base 16.
2
Convert 2 (base 6) to base 12.
2
What is 2 (base 13) in base 9?
2
What is -55 (base 12) in base 4?
-1001
What is 0 (base 12) in base 6?
0
What is 301 (base 7) in base 4?
2110
11 (base 7) to base 16
8
What is -4 (base 9) in base 11?
-4
Convert 19 (base 15) to base 6.
40
What is -110 (base 2) in base 4?
-12
3 (base 7) to base 3
10
What is 5 (base 16) in base 2?
101
What is -3 (base 7) in base 12?
-3
Convert -201 (base 3) to base 5.
-34
What is -2 (base 13) in base 3?
-2
5 (base 12) to base 13
5
What is -2 (base 11) in base 16?
-2
-106 (base 11) to base 13
-9a
-11 (base 14) to base 10
-15
Convert 9 (base 11) to base 10.
9
Convert -123 (base 8) to base 3.
-10002
5 (base 8) to base 12
5
-2 (base 9) to base 3
-2
Convert -1200 (base 3) to base 7.
-63
What is -129 (base 13) in base 2?
-11001100
What is -12 (base 8) in base 5?
-20
What is 172 (base 8) in base 15?
82
Convert 3 (base 9) to base 16.
3
What is 46 (base 7) in base 4?
202
Convert 1 (base 3) to base 2.
1
Convert 110 (base 4) to base 3.
202
Convert 7 (base 12) to base 2.
111
Convert 4 (base 14) to base 7.
4
5 (base 11) to base 15
5
-3 (base 9) to base 14
-3
Convert -29 (base 10) to base 15.
-1e
What is -13 (base 9) in base 3?
-110
0 (base 12) to base 7
0
Convert -4 (base 5) to base 4.
-10
Convert 14 (base 12) to base 13.
13
-1 (base 16) to base 14
-1
What is 5 (base 11) in base 16?
5
44 (base 15) to base 16
40
-11 (base 6) to base 7
-10
Convert 640 (base 8) to base 14.
21a
-10 (base 2) to base 8
-2
Convert -4 (base 11) to base 2.
-100
What is -31 (base 5) in base 13?
-13
What is 6 (base 9) in base 5?
11
What is -80 (base 10) in base 14?
-5a
Convert -330 (base 7) to base 12.
-120
97 (base 13) to base 8
174
What is -6 (base 13) in base 6?
-10
4 (base 9) to base 7
4
Convert 3 (base 5) to base 3.
10
Convert -13 (base 10) to base 9.
-14
Convert -5 (base 9) to base 3.
-12
Convert -22 (base 3) to base 9.
-8
-44 (base 9) to base 3
-1111
-4a (base 14) to base 5
-231
Convert -3a (base 16) to base 2.
-111010
Convert -1 (base 11) to base 3.
-1
What is 3 (base 8) in base 15?
3
What is -111000 (base 2) in base 14?
-40
-1 (base 11) to base 5
-1
0 (base 13) to base 16
0
1 (base 11) to base 3
1
Convert c (base 15) to base 6.
20
-11 (base 8) to base 7
-12
Convert -1 (base 9) to base 12.
-1
Convert -6 (base 16) to base 2.
-110
12 (base 10) to base 13
c
-38 (base 11) to base 2
-101001
-8 (base 10) to base 11
-8
3 (base 8) to base 6
3
5 (base 8) to base 12
5
What is 103 (base 5) in base 15?
1d
Convert 222 (base 3) to base 4.
122
4 (base 13) to base 14
4
Convert -1 (base 3) to base 8.
-1
-6 (base 10) to base 5
-11
-4 (base 14) to base 7
-4
What is 30 (base 5) in base 14?
11
What is 213 (base 4) in base 16?
27
-3a (base 12) to base 11
-42
-37 (base 10) to base 9
-41
11 (base 13) to base 4
32
-10 (base 10) to base 11
-a
36 (base 8) to base 14
22
-13 (base 14) to base 6
-25
122 (base 5) to base 2
100101
16 (base 12) to base 8
22
-31 (base 11) to base 14
-26
100 (base 5) to base 11
23
What is -63 (base 10) in base 2?
-111111
-7 (base 16) to base 4
-13
What is 360 (base 10) in base 14?
1ba
Convert -425 (base 7) to base 2.
-11010111
Convert 42 (base 7) to base 2.
11110
What is -353 (base 7) in base 5?
-1220
What is 10101001 (base 2) in base 15?
b4
What is -2 (base 10) in base 5?
-2
3 (base 5) to base 4
3
What is 1 (base 5) in base 8?
1
Convert 22 (base 12) to base 13.
20
What is -2 (base 10) in base 12?
-2
Convert -5 (base 16) to base 2.
-101
Convert 5 (base 9) to base 12.
5
What is -5 (base 14) in base 13?
-5
What is -1011 (base 4) in base 10?
-69
Convert -2 (base 5) to base 4.
-2
-11101 (base 2) to base 4
-131
-6 (base 12) to base 6
-10
What is e (base 16) in base 11?
13
What is 15 (base 9) in base 12?
12
-13 (base 5) to base 